
Let r = -6951 + 15982. Is r prime?
False
Let s = 8390 + -4749. Is s composite?
True
Let c(w) = 21*w**2 - 8*w - 27. Let r be c(7). Suppose -2*j - 3*b = -640, 8*j - r = 5*j - b. Is j a composite number?
True
Let r be -12*2/(-6) + -5. Let x(w) = -1. Let u(i) = 404*i - 5. Let j(c) = -u(c) + 6*x(c). Is j(r) a composite number?
True
Let a be ((-8)/20)/(2/(-10)). Let u(m) = -1 + 0*m**a + 4*m**2 + 0*m**2 - 5*m. Is u(-4) prime?
True
Suppose 4746 = 4*y + 2*x, -2395 = -4*y - x + 2352. Is y a composite number?
False
Let c(n) be the second derivative of n**5/120 + 5*n**4/12 + 5*n**3/6 - 4*n. Let f(i) be the second derivative of c(i). Is f(-7) a composite number?
False
Let j be -1 - 5/((-5)/(-78)). Let p = j - -170. Is p prime?
False
Let c(h) = -6*h**2 - 7*h + 2. Let n be c(7). Suppose -3843 = 5*a - 243. Let v = n - a. Is v prime?
True
Let b(k) = -1331*k + 534. Is b(-7) a composite number?
False
Let l = 249 - 135. Suppose 3*t - p = p - 227, 0 = 3*t + 2*p + 235. Let o = l - t. Is o composite?
False
Let g = 1654 + -263. Is g composite?
True
Let d = -4 + 3. Let o = 3 - d. Let f(z) = 5*z**3 - 3*z**2 - 5*z - 1. Is f(o) composite?
False
Suppose -14*p = -16*p + 2164. Is p a composite number?
True
Let i = -2440 + 3773. Let m = -434 + i. Is m a prime number?
False
Let i(r) = 2*r**3 - 5*r**2 + 11*r - 11. Let a be i(6). Suppose 7*y - 8*y = -a. Is y a prime number?
True
Let p(w) = w**2 + 25*w + 1. Let u(a) = -a**2 - 38*a - 1. Let g(m) = 8*p(m) + 5*u(m). Let i(v) = v**2 - 13*v + 4. Let c be i(12). Is g(c) prime?
False
Suppose 23 - 39 = -4*n. Suppose 8301 = n*y + 3*j, -6207 = -3*y + j + 3*j. Is y composite?
True
Suppose 0 = 58*u - 68*u + 1332230. Is u composite?
True
Let p be (-4 - (-1 + -3))/(2 + -1). Let c(r) = 15 - r - 3*r + 5*r. Is c(p) a composite number?
True
Let s(o) = 193*o + 47. Let h be 0 + 5 + 13/13. Is s(h) a composite number?
True
Let q be ((-49)/14 - -6)*(-12)/10. Is (97/1 - q) + (2 - 5) prime?
True
Suppose -11*u - 3710 = -21*u. Is u a composite number?
True
Suppose 2*k - 25 = -3*k. Suppose b + 0 = 2, k*c - b = 13. Let s(i) = 23*i**2 + 2*i - 2. Is s(c) composite?
False
Suppose -3*g + 7928 = c, 0 = 3*c - 6*g + 5*g - 23734. Let w = c - 5106. Is w a prime number?
False
Suppose 4*g - 2 = 2*g. Is (1 + 0)/(g/842) composite?
True
Let o(k) = -3*k**3 + 13*k**2 - k - 1. Let w be o(-6). Suppose 15 = -3*d - 0*d, 4*d = -x + w. Is x a prime number?
False
Suppose -4*i = -x + 26, -4*x + 3*i - 11 + 89 = 0. Let q = x - 16. Suppose -25 = q*b + 3*b, t - b - 226 = 0. Is t a composite number?
True
Let h = -2011 + -368. Let j = 5336 + h. Is j a prime number?
True
Let l be 6 - 7 - (1 - 10462). Suppose -l = -9*f + 5*f. Is f a prime number?
False
Let n = 11 + -7. Suppose -n*u - 5*v = -5022, 2*v + 5014 = 4*u + 3*v. Is u composite?
True
Let r(c) = -36*c - 12. Let v be r(-17). Let z = -154 + v. Is z a composite number?
True
Let t = 1 - 13. Let r(f) = -1. Let p(w) = -2*w**2 + 8*w + 8. Let m(c) = -p(c) + 5*r(c). Is m(t) a prime number?
False
Let n(t) = -t + 9. Let d be n(19). Is (4 - d)/((-6)/(-381)) composite?
True
Suppose -15 = -4*f + 1. Suppose 0 = -f*m - 0 + 16. Suppose -4*j + 2*j + 636 = -3*t, -5*j + 1597 = -m*t. Is j prime?
False
Let z(v) = -v**2 - 14*v - 35. Let r be z(-10). Suppose r*b + 21671 = 2*d + 2*b, -d + 10843 = -4*b. Is d a composite number?
False
Let k = -33 + 42. Is 10/16*262 + k/(-12) prime?
True
Let l(s) = s**2 + 7*s - 4. Let j(n) = n**2 - 5*n - 2. Let o be j(3). Let t be l(o). Is (2/t)/((-6)/(-1956)) a prime number?
True
Let t be (2/5)/((-4)/(-1380)). Is t + -2 + (0 - -3) composite?
False
Let p be (-6)/21 + (60/7)/2. Suppose k + 0*b = -3*b + 3989, p*k + 4*b - 15956 = 0. Is k a composite number?
False
Let b be (-56688)/(-14) - (-1)/(-7). Suppose -1602 = -3*u + u + 4*i, -5*u + b = i. Is u prime?
True
Suppose 9*j - 4*j - 30 = 0. Suppose -i + 30 = -j*i. Is (-15)/i*106/1 prime?
False
Let z be ((-5)/3 + 1)*(-5958)/4. Suppose -4*c = -2*f + 1946, 4*c - z = -f - 26. Is f composite?
False
Suppose -4*j + 34 = 5*m + 14, -5*m + 20 = -2*j. Suppose 0 = m*c + c - 40. Suppose -3*r = -c*r + 5215. Is r composite?
True
Suppose 2*k + 639 + 151 = 0. Let y = -204 - k. Is ((y - -1) + 2)/2 a prime number?
True
Let a be (32/48)/((-2)/6). Is 2/(1/3022*-8)*a a composite number?
False
Suppose 0 = -4*m + 4*n + 34156, -4*m + 4*n = 3*n - 34153. Is (-4)/6*m/(-4) composite?
False
Suppose 42*y = 39*y + 116859. Is y a prime number?
True
Let u(s) = -896*s - 79. Is u(-10) a prime number?
False
Suppose 11*c + 20*c - 141391 = 0. Is c a composite number?
False
Let f be (1 + 76 - 2)*6. Suppose -3*j - j - j = 0. Suppose 5*v + 5*w - f = j, -5*v + w + 432 = -0*v. Is v a composite number?
True
Let b be 1 + (-219*1)/3. Let i = b - -295. Is i a composite number?
False
Suppose -4*c - 7 = -3*c. Let o = 7 + c. Suppose 3*u + 7*f - 2*f - 55 = o, -f + 46 = 2*u. Is u a prime number?
False
Suppose 4*f - 2*t = -0*f + 8, 0 = -2*f + 3*t + 8. Let l be (f/2)/((-7)/(-14)). Let m(q) = 486*q**2 - 2*q + 1. Is m(l) a prime number?
False
Let b = 7 - -3. Suppose b*l - 3*l - 3731 = 0. Is l prime?
False
Suppose 4 = p + q, -5*q + 16 - 8 = 2*p. Let v(t) be the first derivative of 5*t**2/2 - 6*t - 1. Is v(p) composite?
True
Is (1 + 148)/((-37)/(-3959)) composite?
True
Suppose 19*n - 14*n - 4584 = -p, 5*n = 2*p - 9093. Is p a composite number?
True
Let x(w) = 7331*w - 303. Is x(2) composite?
True
Is ((-39594)/8)/((-17)/((-748)/(-3))) composite?
True
Is (-2)/(-14)*3529848/24 prime?
True
Let r(k) = 153*k - 9 - 12 + 11. Suppose -2*s + 0*s = 3*o - 6, 4*o + 3 = s. Is r(s) composite?
False
Suppose -20*n = -22*n + 1838. Is n composite?
False
Let d(j) = j**3 + j + 1. Let y be d(-2). Let q(f) = -f**2 + 4*f + 5. Let u(w) = w**2 - 3*w - 5. Let v(x) = 5*q(x) + 6*u(x). Is v(y) a composite number?
True
Suppose -4*c + 2*k + 629 = -1025, -5*k = 3*c - 1221. Suppose m - 216 = -3*r, c = 2*m + 5*r - 3*r. Is m composite?
True
Suppose 0 = 5*t - 4*b - 3653, 0*t - 5*b - 2184 = -3*t. Is t prime?
True
Let r(d) = -d**2 + 8*d + 13. Suppose 3*l + l = 0, -2*l = 4*z - 36. Let w be r(z). Is (-433)/(-2) - (-2)/w prime?
False
Let u(z) be the second derivative of -z**5/4 - z**4/12 + 2*z**3/3 + 7*z**2/2 + 21*z. Is u(-5) a prime number?
True
Suppose -5*h + 550 = -1965. Suppose 2*s = -t + 199, h + 514 = 5*t - s. Is t composite?
True
Let i(h) = 1538*h + 25. Is i(14) prime?
True
Suppose -n - 23 = -4*r, 0 = 2*r - 0*r - 4*n - 22. Suppose r*h + d - 560 = 0, -3*h - 3*d = d - 319. Is h prime?
True
Let o(f) = -4148*f + 231. Is o(-14) a prime number?
False
Let j(o) = o**3 + 7*o**2 + 6*o + 2. Let i be j(-6). Suppose 4*u - 10 = 3*u + 2*l, i*l - 6 = 0. Let n = u + -12. Is n a prime number?
False
Suppose 3720 = -2*a - 3*a. Is -2 - (a - (-4 - -5)) composite?
False
Let h(i) be the first derivative of i**3 - 6*i**2 - 11*i - 30. Is h(18) a composite number?
True
Let j(z) be the third derivative of 151*z**4/24 + 2*z**3/3 + z**2. Let g be j(-3). Let o = g + 718. Is o prime?
True
Suppose -s = 3*n - 8*n + 13, 2*s - 7 = -n. Suppose n*b + 5*b - 102088 = 0. Is b a composite number?
True
Suppose s = 3*k + 573 - 10858, 5*k - 17131 = -s. Is k a composite number?
True
Suppose -b + 15 = 34. Let u = 23 + b. Suppose -u*w = -90 + 6. Is w a prime number?
False
Let i be (-22)/33 - (-2)/3. Suppose -519 = -t + 4*p + 836, i = p. Is t a prime number?
False
Is (7/21)/(-1)*-166638 a composite number?
True
Suppose 4*v + 12 = 0, -v = -6*j + 2*j + 40291. Is (j/(-16))/(1/(-2)) prime?
True
Let g(f) = -38*f + 15. Is g(-2) a composite number?
True
Let g = 38028 + -8617. Is g a prime number?
True
Let l = -19054 - -32421. Is l composite?
False
Let c = 1354 + 7951. Is c a prime number?
False
Suppose -4*n = -4*y + 12, -5*y + 20 = 4*n + 59. Let z(j) = -j**2 - 5*j + 3. Let b be z(n). Is (b + 2)*1 - -7 prime?
False
Suppose 0 = 4*d + 2*y + 3440, 5*d - 4*d = y - 860. Let c = d - -1509. Is c composite?
True
Suppose 6*p + 4*p = 20. Suppose -p*v + 6*v = 1244. Is v a prime number?
True
Suppose 5*d - 9433 = -4*l, 3*d + 5*l - 7541 = -d. Is d prime?
True
Suppose -5*n + 20 = 0, 16*n - 17*n + 23100 = 4*o. Is o a prime number?
False
Suppose 16*w + 72498 = 778114. Is w a composite number?
False
Suppose -4*d + 300 = -288. Suppose -5*a = i + 901, -d = a + 3*i + 36. Let g = -77 - a. Is g a prime number?
True
Let t be 3/(-2)*48/(-18). Suppo